Dati Stazione Meteo - Stile NOAA
Select a Year or Month report
2024: Gen Feb Mar Apr Mag Giu Lug Ago Set Ott Nov Dic
2023: Gen Feb Mar Apr Mag Giu Lug Ago Set Ott Nov Dic
2022: Gen Feb Mar Apr Mag Giu Lug Ago Set Ott Nov Dic
2021: Gen Feb Mar Apr Mag Giu Lug Ago Set Ott Nov Dic
2020: Gen Feb Mar Apr Mag Giu Lug Ago Set Ott Nov Dic
2019: Gen Feb Mar Apr Mag Giu Lug Ago Set Ott Nov Dic
2018: Gen Feb Mar Apr Mag Giu Lug Ago Set Ott Nov Dic
2017: Gen Feb Mar Apr Mag Giu Lug Ago Set Ott Nov Dic
2016: Gen Feb Mar Apr Mag Giu Lug Ago Set Ott Nov Dic
2024: Gen Feb Mar Apr Mag Giu Lug Ago Set Ott Nov Dic
2023: Gen Feb Mar Apr Mag Giu Lug Ago Set Ott Nov Dic
2022: Gen Feb Mar Apr Mag Giu Lug Ago Set Ott Nov Dic
2021: Gen Feb Mar Apr Mag Giu Lug Ago Set Ott Nov Dic
2020: Gen Feb Mar Apr Mag Giu Lug Ago Set Ott Nov Dic
2019: Gen Feb Mar Apr Mag Giu Lug Ago Set Ott Nov Dic
2018: Gen Feb Mar Apr Mag Giu Lug Ago Set Ott Nov Dic
2017: Gen Feb Mar Apr Mag Giu Lug Ago Set Ott Nov Dic
2016: Gen Feb Mar Apr Mag Giu Lug Ago Set Ott Nov Dic
Report per 2024 Aprile
Daily noaa report MONTHLY CLIMATOLOGICAL SUMMARY for APR. 2024 NAME: Meteo Taranto CITY: Taranto STATE: Italia ELEV: 22 LAT: 40:27:20 LONG: -17:15:00 TEMPERATURE ( °C), RAIN (mm), WIND SPEED (kmh) HEAT COOL AVG MEAN DEG DEG WIND DOM DAY TEMP HIGH TIME LOW TIME DAYS DAYS RAIN SPEED HIGH TIME DIR -------------------------------------------------------------------------------------------------------- 01 17.1 19.3 14:51 15.8 01:29 01.2 00.0 00.0 03.8 42.5 11:59 ESE 02 17.3 21.9 17:14 14.8 08:20 01.0 00.0 00.0 02.2 24.1 04:40 WSW 03 15.7 18.6 15:27 12.7 07:08 02.6 00.0 00.0 02.1 16.6 12:48 W 04 16.9 22.9 17:54 13.2 07:18 01.4 00.0 00.0 02.6 18.5 16:01 WSW 05 17.4 23.7 15:49 12.2 05:50 00.9 00.0 00.0 02.0 14.8 14:45 SSW 06 17.7 22.1 15:19 13.7 03:28 00.6 00.0 00.0 01.9 16.6 15:47 W 07 20.8 27.0 14:15 14.8 06:15 00.0 02.5 00.0 02.5 27.8 14:16 WNW 08 18.8 23.1 15:21 14.9 06:30 00.0 00.5 00.0 02.0 18.5 16:35 S 09 19.0 23.9 16:25 14.6 06:29 00.0 00.7 00.0 02.5 25.9 15:13 ESE 10 18.5 22.2 15:27 15.6 00:46 00.0 00.2 00.0 02.3 24.1 14:48 S 11 19.3 23.3 17:16 16.7 06:45 00.0 01.0 00.0 02.3 18.5 15:34 WNW 12 21.1 27.2 16:40 16.0 04:17 00.0 02.8 00.0 03.4 24.1 16:47 NNW 13 21.4 28.1 15:37 16.7 06:55 00.0 03.1 00.0 02.7 16.6 07:24 W 14 21.2 27.8 17:23 16.2 06:29 00.0 02.9 00.0 02.9 16.6 15:38 WSW 15 20.8 25.9 13:07 16.3 05:47 00.0 02.5 00.0 02.2 29.6 14:18 ESE 16 19.1 23.6 12:39 16.0 23:31 00.0 00.8 04.6 02.7 25.9 18:30 S 17 15.6 18.7 12:42 11.3 23:49 02.7 00.0 03.8 02.6 20.4 15:24 WSW 18 12.4 15.9 13:06 10.5 05:31 05.9 00.0 00.3 02.4 27.8 15:07 WSW 19 11.6 14.3 17:45 09.7 09:40 06.7 00.0 12.4 02.7 22.2 18:33 NNW 20 13.6 18.8 14:38 09.6 01:52 04.7 00.0 00.0 02.2 29.6 17:22 WSW 21 13.4 16.1 17:20 10.9 08:07 04.9 00.0 02.8 03.0 31.4 13:26 WNW 22 13.9 18.8 16:41 08.9 03:10 04.4 00.0 00.0 01.8 14.8 16:19 ESE -------------------------------------------------------------------------------------------------------- 17.4 (17.8) 28.1 day 13 08.9 day 22 037.0 016.9 023.9 02.5 42.6 day 02 WSW Min < 30: 22 Max Rain: 12.4 ON 19-04-24 Days of Rain: 5 (> .2mm) 4 (> 2mm) 0 (> 20mm)